{"id":4244,"date":"2024-07-07T04:01:51","date_gmt":"2024-07-07T04:01:51","guid":{"rendered":"https:\/\/adn-paraguay.com\/standard\/?page_id=4244"},"modified":"2025-08-26T12:48:43","modified_gmt":"2025-08-26T12:48:43","slug":"precios","status":"publish","type":"page","link":"https:\/\/www.adn-paraguay.com\/standard\/precios.html","title":{"rendered":"Precios"},"content":{"rendered":"<div data-colibri-id=\"4244-c1\" class=\"style-2471 style-local-4244-c1 position-relative\">\r\n  <!---->\r\n  <div data-colibri-component=\"section\" data-colibri-id=\"4244-c2\" id=\"reusable-sections\" class=\"h-section h-section-global-spacing d-flex align-items-lg-center align-items-md-center align-items-center style-2472 style-local-4244-c2 position-relative\">\r\n    <!---->\r\n    <!---->\r\n    <div class=\"h-section-grid-container h-section-boxed-container\">\r\n      <!---->\r\n      <div data-colibri-id=\"4244-c3\" class=\"h-row-container gutters-row-lg-2 gutters-row-md-2 gutters-row-2 gutters-row-v-lg-2 gutters-row-v-md-2 gutters-row-v-2 style-2473 style-local-4244-c3 position-relative\">\r\n        <!---->\r\n        <div class=\"h-row justify-content-lg-center justify-content-md-center justify-content-center align-items-lg-stretch align-items-md-stretch align-items-stretch gutters-col-lg-2 gutters-col-md-2 gutters-col-2 gutters-col-v-lg-2 gutters-col-v-md-2 gutters-col-v-2\">\r\n          <!---->\r\n          <div class=\"h-column h-column-container d-flex h-col-lg-auto h-col-md-auto h-col-auto style-2474-outer style-local-4244-c4-outer\">\r\n            <div data-colibri-id=\"4244-c4\" class=\"d-flex h-flex-basis h-column__inner h-px-lg-2 h-px-md-2 h-px-2 v-inner-lg-2 v-inner-md-2 v-inner-2 style-2474 style-local-4244-c4 position-relative\">\r\n              <!---->\r\n              <!---->\r\n              <div class=\"w-100 h-y-container h-column__content h-column__v-align flex-basis-100 align-self-lg-start align-self-md-start align-self-start\">\r\n                <!---->\r\n                <div data-colibri-id=\"4244-c5\" class=\"h-global-transition-all h-heading style-2475 style-local-4244-c5 position-relative h-element\">\r\n                  <!---->\r\n                  <div class=\"h-heading__outer style-2475 style-local-4244-c5\">\r\n                    <!---->\r\n                    <!---->\r\n                    <h2 class=\"\">Precios y formas de pago<\/h2>\r\n                  <\/div>\r\n                <\/div>\r\n                <div data-colibri-id=\"4244-c6\" class=\"h-text h-text-component style-2508 style-local-4244-c6 position-relative h-element\">\r\n                  <!---->\r\n                  <!---->\r\n                  <div class=\"\">\r\n                    <p>Los ex\u00e1menes de ADN para paternidad pueden ser pagados de la siguiente manera:<\/p>\r\n                    <ul>\r\n                      <li>Efectivo<\/li>\r\n                      <li>Dep\u00f3sito en cuenta corriente<\/li>\r\n                      <li>Transferencia bancaria<\/li>\r\n                      <li>Tarjetas de cr\u00e9dito<\/li>\r\n                    <\/ul>\r\n                  <\/div>\r\n                <\/div>\r\n                <div data-colibri-id=\"4244-c7\" class=\"h-text h-text-component style-2625 style-local-4244-c7 position-relative h-element\">\r\n                  <!---->\r\n                  <!---->\r\n                  <div class=\"\">\r\n                    <h2><span style=\"font-weight: 600; font-size: 16px; font-family: &quot;Helvetica Neue&quot;, Helvetica, Arial, sans-serif; color: rgb(0, 104, 174);\">PUEDE PAGAR DESDE GS 850.000 AL INICIAR SU ESTUDIO Y LA DIFERENCIA AL RETIRAR LOS RESULTADOS<\/span><\/h2>\r\n                    <h2>\r\n                      <br>\r\n                    <\/h2>\r\n                    <p>\r\n                      <br>\r\n                    <\/p>\r\n                  <\/div>\r\n                <\/div>\r\n                <div data-colibri-id=\"4244-c8\" class=\"h-text h-text-component style-2626 style-local-4244-c8 position-relative h-element\">\r\n                  <!---->\r\n                  <!---->\r\n                  <div class=\"\">\r\n                    <h2>OFERTA VALIDA SOLO EN ASUNCI\u00d3N HASTA SEPTIEMBRE DE 2025<\/h2>\r\n                    <h2>\r\n                      <br>\r\n                    <\/h2>\r\n                    <p><span style=\"color: rgb(0, 104, 174); font-family: &quot;Helvetica Neue&quot;, Helvetica, Arial, sans-serif; font-size: 14px; font-weight: 400;\"> <\/span><\/p>\r\n                  <\/div>\r\n                <\/div>\r\n                <div data-colibri-id=\"4244-c9\" class=\"h-x-container style-2477 style-local-4244-c9 position-relative h-element\">\r\n                  <!---->\r\n                  <div class=\"h-x-container-inner style-dynamic-4244-c9-group style-2477-spacing style-local-4244-c9-spacing\"><span class=\"h-button__outer style-2478-outer style-local-4244-c10-outer d-inline-flex h-element\"><a h-use-smooth-scroll=\"true\" href=\"https:\/\/wa.me\/595982662019\" target=\"_blank\"  data-colibri-id=\"4244-c10\" class=\"d-flex w-100 align-items-center h-button justify-content-lg-center justify-content-md-center justify-content-center style-2478 style-local-4244-c10 position-relative\"><!----><span  class=\"h-svg-icon h-button__icon style-2478-icon style-local-4244-c10-icon\"><!--Icon by Ionicons (https:\/\/ionicons.com)--><\/span>                    <span>escribenos<\/span><\/a>\r\n                    <\/span>\r\n                  <\/div>\r\n                <\/div>\r\n              <\/div>\r\n            <\/div>\r\n          <\/div>\r\n        <\/div>\r\n      <\/div>\r\n    <\/div>\r\n  <\/div>\r\n<\/div>","protected":false},"excerpt":{"rendered":"<p>Precios y formas de pago Los ex\u00e1menes de ADN para paternidad pueden ser pagados de la siguiente manera: Efectivo Dep\u00f3sito en cuenta corriente Transferencia bancaria Tarjetas de cr\u00e9dito PUEDE PAGAR DESDE GS 850.000 AL INICIAR SU ESTUDIO Y LA DIFERENCIA AL RETIRAR LOS RESULTADOS OFERTA VALIDA SOLO EN ASUNCI\u00d3N HASTA SEPTIEMBRE DE 2025 escribenos<\/p>\n","protected":false},"author":1,"featured_media":0,"parent":0,"menu_order":0,"comment_status":"closed","ping_status":"closed","template":"page-templates\/full-width-page.php","meta":{"footnotes":""},"class_list":["post-4244","page","type-page","status-publish","hentry"],"_links":{"self":[{"href":"https:\/\/www.adn-paraguay.com\/standard\/wp-json\/wp\/v2\/pages\/4244","targetHints":{"allow":["GET"]}}],"collection":[{"href":"https:\/\/www.adn-paraguay.com\/standard\/wp-json\/wp\/v2\/pages"}],"about":[{"href":"https:\/\/www.adn-paraguay.com\/standard\/wp-json\/wp\/v2\/types\/page"}],"author":[{"embeddable":true,"href":"https:\/\/www.adn-paraguay.com\/standard\/wp-json\/wp\/v2\/users\/1"}],"replies":[{"embeddable":true,"href":"https:\/\/www.adn-paraguay.com\/standard\/wp-json\/wp\/v2\/comments?post=4244"}],"version-history":[{"count":16,"href":"https:\/\/www.adn-paraguay.com\/standard\/wp-json\/wp\/v2\/pages\/4244\/revisions"}],"predecessor-version":[{"id":5060,"href":"https:\/\/www.adn-paraguay.com\/standard\/wp-json\/wp\/v2\/pages\/4244\/revisions\/5060"}],"wp:attachment":[{"href":"https:\/\/www.adn-paraguay.com\/standard\/wp-json\/wp\/v2\/media?parent=4244"}],"curies":[{"name":"wp","href":"https:\/\/api.w.org\/{rel}","templated":true}]}}