{"id":4541,"date":"2024-07-15T02:14:28","date_gmt":"2024-07-15T02:14:28","guid":{"rendered":"https:\/\/adn-paraguay.com\/standard\/?page_id=4541"},"modified":"2024-07-15T02:16:51","modified_gmt":"2024-07-15T02:16:51","slug":"servicio-para-aseguradoras","status":"publish","type":"page","link":"https:\/\/www.adn-paraguay.com\/standard\/servicio-para-aseguradoras.html","title":{"rendered":"Servicio para aseguradoras"},"content":{"rendered":"<div data-colibri-id=\"4541-c1\" class=\"style-2571 style-local-4541-c1 position-relative\">\n  <!---->\n  <div data-colibri-component=\"section\" data-colibri-id=\"4541-c2\" id=\"reusable-sections\" class=\"h-section h-section-global-spacing d-flex align-items-lg-center align-items-md-center align-items-center style-2572 style-local-4541-c2 position-relative\">\n    <!---->\n    <!---->\n    <div class=\"h-section-grid-container h-section-boxed-container\">\n      <!---->\n      <div data-colibri-id=\"4541-c3\" class=\"h-row-container gutters-row-lg-2 gutters-row-md-2 gutters-row-0 gutters-row-v-lg-2 gutters-row-v-md-2 gutters-row-v-2 style-2573 style-local-4541-c3 position-relative\">\n        <!---->\n        <div class=\"h-row justify-content-lg-center justify-content-md-center justify-content-center align-items-lg-stretch align-items-md-stretch align-items-stretch gutters-col-lg-2 gutters-col-md-2 gutters-col-0 gutters-col-v-lg-2 gutters-col-v-md-2 gutters-col-v-2\">\n          <!---->\n          <div class=\"h-column h-column-container d-flex h-col-lg-auto h-col-md-auto h-col-auto style-2574-outer style-local-4541-c4-outer\">\n            <div data-colibri-id=\"4541-c4\" class=\"d-flex h-flex-basis h-column__inner h-px-lg-2 h-px-md-2 h-px-2 v-inner-lg-2 v-inner-md-2 v-inner-2 style-2574 style-local-4541-c4 position-relative\">\n              <!---->\n              <!---->\n              <div class=\"w-100 h-y-container h-column__content h-column__v-align flex-basis-auto align-self-lg-start align-self-md-start align-self-start\">\n                <!---->\n                <div data-colibri-id=\"4541-c5\" class=\"h-icon style-2575 style-local-4541-c5 position-relative h-element\">\n                  <!----><span class=\"h-svg-icon h-icon__icon style-2575-icon style-local-4541-c5-icon\"><!--Icon by Material Icons (https:\/\/material.io)--><svg version=\"1.1\" xmlns=\"http:\/\/www.w3.org\/2000\/svg\" xmlns:xlink=\"http:\/\/www.w3.org\/1999\/xlink\" id=\"insert_drive_file\" viewBox=\"0 0 512 512\"><path d=\"M277 192h118L277 75v117zM128 43h171l128 128v256q0 17-13 29.5T384 469H128q-17 0-30-12.5T85 427l1-342q0-17 12.5-29.5T128 43z\"><\/path><\/svg><\/span><\/div>\n              <\/div>\n            <\/div>\n          <\/div>\n          <div class=\"h-column h-column-container d-flex h-col-lg h-col-md h-col-auto style-2576-outer style-local-4541-c6-outer\">\n            <div data-colibri-id=\"4541-c6\" class=\"d-flex h-flex-basis h-column__inner h-px-lg-2 h-px-md-2 h-px-2 v-inner-lg-2 v-inner-md-2 v-inner-2 style-2576 style-local-4541-c6 position-relative\">\n              <!---->\n              <!---->\n              <div class=\"w-100 h-y-container h-column__content h-column__v-align flex-basis-100 align-self-lg-start align-self-md-start align-self-start\">\n                <!---->\n                <div data-colibri-id=\"4541-c7\" class=\"h-global-transition-all h-heading style-2577 style-local-4541-c7 position-relative h-element\">\n                  <!---->\n                  <div class=\"h-heading__outer style-2577 style-local-4541-c7\">\n                    <!---->\n                    <!---->\n                    <h2 class=\"\">Asistencia para Compa\u00f1\u00edas de Seguros<\/h2>\n                  <\/div>\n                <\/div>\n                <div data-colibri-id=\"4541-c8\" class=\"h-divider style-2578 style-local-4541-c8 position-relative h-element\">\n                  <!----><span class=\"h-divider__line style-2578-line style-local-4541-c8-line style-2578-line style-local-4541-c8-line\"><\/span><\/div>\n                <div data-colibri-id=\"4541-c10\" class=\"h-row-container gutters-row-lg-0 gutters-row-md-0 gutters-row-0 gutters-row-v-lg-0 gutters-row-v-md-0 gutters-row-v-0 style-2580 style-local-4541-c10 position-relative\">\n                  <!---->\n                  <div class=\"h-row justify-content-lg-center justify-content-md-center justify-content-center align-items-lg-stretch align-items-md-stretch align-items-stretch gutters-col-lg-0 gutters-col-md-0 gutters-col-0 gutters-col-v-lg-0 gutters-col-v-md-0 gutters-col-v-0\">\n                    <!---->\n                    <div class=\"h-column h-column-container d-flex h-col-lg-auto h-col-md-auto h-col-auto style-2581-outer style-local-4541-c11-outer\">\n                      <div data-colibri-id=\"4541-c11\" class=\"d-flex h-flex-basis h-column__inner h-px-lg-2 h-px-md-2 h-px-2 v-inner-lg-2 v-inner-md-2 v-inner-2 style-2581 style-local-4541-c11 position-relative\">\n                        <!---->\n                        <!---->\n                        <div class=\"w-100 h-y-container h-column__content h-column__v-align flex-basis-100 align-self-lg-start align-self-md-start align-self-start\">\n                          <!---->\n                          <div data-colibri-id=\"4541-c12\" class=\"h-text h-text-component style-2582 style-local-4541-c12 position-relative h-element\">\n                            <!---->\n                            <!---->\n                            <div class=\"\">\n                              <p>Investigaci\u00f3n de fraudes.<\/p>\n                              <p>Certificaci\u00f3n gen\u00e9tica de conductores efectivos.<\/p>\n                              <p>Detecci\u00f3n de muestras de sangre y fluidos.<\/p>\n                              <p>Comparaci\u00f3n gen\u00e9tica de muestras en siniestros<strong style=\"font-weight: 700;\"> &nbsp; &nbsp; &nbsp; &nbsp; &nbsp; &nbsp;<\/strong><\/p>\n                              <p>Lo invitamos a llamarnos y discutir los detalles de los casos. Cuando nos llame podr\u00e1 coordinar con nosotros una consulta personal para asesorarse sobre como manejar su caso desde una perspectiva t\u00e9cnica.<\/p>\n                              <p>Somos asesores de las compa\u00f1\u00edas de seguros m\u00e1s importantes del pa\u00eds.<\/p>\n                            <\/div>\n                          <\/div>\n                        <\/div>\n                      <\/div>\n                    <\/div>\n                  <\/div>\n                <\/div>\n              <\/div>\n            <\/div>\n          <\/div>\n        <\/div>\n      <\/div>\n    <\/div>\n  <\/div>\n<\/div>","protected":false},"excerpt":{"rendered":"<p>Asistencia para Compa\u00f1\u00edas de Seguros Investigaci\u00f3n de fraudes. Certificaci\u00f3n gen\u00e9tica de conductores efectivos. Detecci\u00f3n de muestras de sangre y fluidos. Comparaci\u00f3n gen\u00e9tica de muestras en siniestros &nbsp; &nbsp; &nbsp; &nbsp; &nbsp; &nbsp; Lo invitamos a llamarnos y discutir los detalles de los casos. Cuando nos llame podr\u00e1 coordinar con nosotros una consulta personal para asesorarse [&hellip;]<\/p>\n","protected":false},"author":1,"featured_media":0,"parent":0,"menu_order":0,"comment_status":"closed","ping_status":"closed","template":"page-templates\/full-width-page.php","meta":{"footnotes":""},"class_list":["post-4541","page","type-page","status-publish","hentry"],"_links":{"self":[{"href":"https:\/\/www.adn-paraguay.com\/standard\/wp-json\/wp\/v2\/pages\/4541","targetHints":{"allow":["GET"]}}],"collection":[{"href":"https:\/\/www.adn-paraguay.com\/standard\/wp-json\/wp\/v2\/pages"}],"about":[{"href":"https:\/\/www.adn-paraguay.com\/standard\/wp-json\/wp\/v2\/types\/page"}],"author":[{"embeddable":true,"href":"https:\/\/www.adn-paraguay.com\/standard\/wp-json\/wp\/v2\/users\/1"}],"replies":[{"embeddable":true,"href":"https:\/\/www.adn-paraguay.com\/standard\/wp-json\/wp\/v2\/comments?post=4541"}],"version-history":[{"count":2,"href":"https:\/\/www.adn-paraguay.com\/standard\/wp-json\/wp\/v2\/pages\/4541\/revisions"}],"predecessor-version":[{"id":4545,"href":"https:\/\/www.adn-paraguay.com\/standard\/wp-json\/wp\/v2\/pages\/4541\/revisions\/4545"}],"wp:attachment":[{"href":"https:\/\/www.adn-paraguay.com\/standard\/wp-json\/wp\/v2\/media?parent=4541"}],"curies":[{"name":"wp","href":"https:\/\/api.w.org\/{rel}","templated":true}]}}